{"id":1517,"date":"2024-05-22T09:30:39","date_gmt":"2024-05-22T06:30:39","guid":{"rendered":"https:\/\/www.karahasanogullari.com\/?page_id=1517"},"modified":"2025-07-11T11:02:40","modified_gmt":"2025-07-11T08:02:40","slug":"nisan-ve-dugunlerimiz","status":"publish","type":"page","link":"https:\/\/www.karahasanogullari.com\/index.php\/nisan-ve-dugunlerimiz\/","title":{"rendered":"ni\u015fan ve d\u00fc\u011f\u00fcnler\u0131m\u0131z"},"content":{"rendered":"<p><img loading=\"lazy\" decoding=\"async\" class=\"alignnone size-medium wp-image-1582\" src=\"http:\/\/www.karahasanogullari.com\/wp-content\/uploads\/2025\/07\/ertugrl-291x300.jpg\" alt=\"\" width=\"291\" height=\"300\" srcset=\"https:\/\/www.karahasanogullari.com\/wp-content\/uploads\/2025\/07\/ertugrl-291x300.jpg 291w, https:\/\/www.karahasanogullari.com\/wp-content\/uploads\/2025\/07\/ertugrl-992x1024.jpg 992w, https:\/\/www.karahasanogullari.com\/wp-content\/uploads\/2025\/07\/ertugrl-768x792.jpg 768w, https:\/\/www.karahasanogullari.com\/wp-content\/uploads\/2025\/07\/ertugrl.jpg 1319w\" sizes=\"auto, (max-width: 291px) 100vw, 291px\" \/><img loading=\"lazy\" decoding=\"async\" class=\"alignnone size-medium wp-image-1555\" src=\"http:\/\/www.karahasanogullari.com\/wp-content\/uploads\/2024\/08\/ilyas-karaaslan-aliriza-300x300.jpeg\" alt=\"\" width=\"300\" height=\"300\" srcset=\"https:\/\/www.karahasanogullari.com\/wp-content\/uploads\/2024\/08\/ilyas-karaaslan-aliriza-300x300.jpeg 300w, https:\/\/www.karahasanogullari.com\/wp-content\/uploads\/2024\/08\/ilyas-karaaslan-aliriza-1019x1024.jpeg 1019w, https:\/\/www.karahasanogullari.com\/wp-content\/uploads\/2024\/08\/ilyas-karaaslan-aliriza-150x150.jpeg 150w, https:\/\/www.karahasanogullari.com\/wp-content\/uploads\/2024\/08\/ilyas-karaaslan-aliriza-768x771.jpeg 768w, https:\/\/www.karahasanogullari.com\/wp-content\/uploads\/2024\/08\/ilyas-karaaslan-aliriza-1529x1536.jpeg 1529w, https:\/\/www.karahasanogullari.com\/wp-content\/uploads\/2024\/08\/ilyas-karaaslan-aliriza-2039x2048.jpeg 2039w\" sizes=\"auto, (max-width: 300px) 100vw, 300px\" \/><\/p>\n<p><img loading=\"lazy\" decoding=\"async\" class=\"alignnone size-medium wp-image-1552\" src=\"http:\/\/www.karahasanogullari.com\/wp-content\/uploads\/2024\/08\/engin-erd-187x300.jpg\" alt=\"\" width=\"187\" height=\"300\" srcset=\"https:\/\/www.karahasanogullari.com\/wp-content\/uploads\/2024\/08\/engin-erd-187x300.jpg 187w, https:\/\/www.karahasanogullari.com\/wp-content\/uploads\/2024\/08\/engin-erd-639x1024.jpg 639w, https:\/\/www.karahasanogullari.com\/wp-content\/uploads\/2024\/08\/engin-erd-768x1230.jpg 768w, https:\/\/www.karahasanogullari.com\/wp-content\/uploads\/2024\/08\/engin-erd.jpg 936w\" sizes=\"auto, (max-width: 187px) 100vw, 187px\" \/><\/p>\n<p>&nbsp;<\/p>\n<p><img loading=\"lazy\" decoding=\"async\" class=\"alignnone size-medium wp-image-1547\" src=\"http:\/\/www.karahasanogullari.com\/wp-content\/uploads\/2024\/07\/mahmu-karaa-1-300x287.jpg\" alt=\"\" width=\"300\" height=\"287\" srcset=\"https:\/\/www.karahasanogullari.com\/wp-content\/uploads\/2024\/07\/mahmu-karaa-1-300x287.jpg 300w, https:\/\/www.karahasanogullari.com\/wp-content\/uploads\/2024\/07\/mahmu-karaa-1-1024x981.jpg 1024w\" sizes=\"auto, (max-width: 300px) 100vw, 300px\" \/><\/p>\n<p>&nbsp;<\/p>\n<p><img loading=\"lazy\" decoding=\"async\" class=\"alignnone size-medium wp-image-1512\" src=\"http:\/\/www.karahasanogullari.com\/wp-content\/uploads\/2024\/05\/abbas-oz-296x300.jpeg\" alt=\"sedat o\u011flu abbas\" width=\"296\" height=\"300\" srcset=\"https:\/\/www.karahasanogullari.com\/wp-content\/uploads\/2024\/05\/abbas-oz-296x300.jpeg 296w, https:\/\/www.karahasanogullari.com\/wp-content\/uploads\/2024\/05\/abbas-oz-768x778.jpeg 768w, https:\/\/www.karahasanogullari.com\/wp-content\/uploads\/2024\/05\/abbas-oz.jpeg 792w\" sizes=\"auto, (max-width: 296px) 100vw, 296px\" \/><\/p>\n<p>&nbsp;<\/p>\n<p><img loading=\"lazy\" decoding=\"async\" class=\"alignnone size-medium wp-image-1547\" src=\"http:\/\/www.karahasanogullari.com\/wp-content\/uploads\/2024\/07\/mahmu-karaa-1-300x287.jpg\" alt=\"\" width=\"300\" height=\"287\" srcset=\"https:\/\/www.karahasanogullari.com\/wp-content\/uploads\/2024\/07\/mahmu-karaa-1-300x287.jpg 300w, https:\/\/www.karahasanogullari.com\/wp-content\/uploads\/2024\/07\/mahmu-karaa-1-1024x981.jpg 1024w\" sizes=\"auto, (max-width: 300px) 100vw, 300px\" \/><\/p>\n<p>&nbsp;<\/p>\n<p>&nbsp;<\/p>\n","protected":false},"excerpt":{"rendered":"<p>&nbsp; &nbsp; &nbsp; &nbsp; &nbsp;<\/p>\n","protected":false},"author":2,"featured_media":0,"parent":0,"menu_order":0,"comment_status":"closed","ping_status":"closed","template":"","meta":{"footnotes":""},"class_list":["post-1517","page","type-page","status-publish","hentry"],"_links":{"self":[{"href":"https:\/\/www.karahasanogullari.com\/index.php\/wp-json\/wp\/v2\/pages\/1517","targetHints":{"allow":["GET"]}}],"collection":[{"href":"https:\/\/www.karahasanogullari.com\/index.php\/wp-json\/wp\/v2\/pages"}],"about":[{"href":"https:\/\/www.karahasanogullari.com\/index.php\/wp-json\/wp\/v2\/types\/page"}],"author":[{"embeddable":true,"href":"https:\/\/www.karahasanogullari.com\/index.php\/wp-json\/wp\/v2\/users\/2"}],"replies":[{"embeddable":true,"href":"https:\/\/www.karahasanogullari.com\/index.php\/wp-json\/wp\/v2\/comments?post=1517"}],"version-history":[{"count":14,"href":"https:\/\/www.karahasanogullari.com\/index.php\/wp-json\/wp\/v2\/pages\/1517\/revisions"}],"predecessor-version":[{"id":1586,"href":"https:\/\/www.karahasanogullari.com\/index.php\/wp-json\/wp\/v2\/pages\/1517\/revisions\/1586"}],"wp:attachment":[{"href":"https:\/\/www.karahasanogullari.com\/index.php\/wp-json\/wp\/v2\/media?parent=1517"}],"curies":[{"name":"wp","href":"https:\/\/api.w.org\/{rel}","templated":true}]}}